{"id":161,"date":"2022-01-30T18:28:10","date_gmt":"2022-01-30T17:28:10","guid":{"rendered":"http:\/\/sv3d.fr\/wordpress\/?page_id=161"},"modified":"2022-01-30T18:28:10","modified_gmt":"2022-01-30T17:28:10","slug":"daodezi","status":"publish","type":"page","link":"http:\/\/sv3d.fr\/wordpress\/index.php\/daodezi\/","title":{"rendered":"DAODEZI"},"content":{"rendered":"\n<div class=\"wp-block-image\"><figure class=\"aligncenter size-full is-resized\"><img src=\"http:\/\/sv3d.fr\/wordpress\/wp-content\/uploads\/2022\/01\/Maison-tata.png\" alt=\"\" class=\"wp-image-162\" width=\"700\"\/><figcaption>Un m\u00e9lange de mythe, de l\u00e9gendes et de r\u00e9alisme pour repr\u00e9senter un petit coin de Bretagne.<br>Certains petits coins sont repr\u00e9sentatifs de souvenirs personnels. Certaines fleurs, certains arbres\u2026 et une tante qui tr\u00f4ne au milieu de tout \u00e7a.<br>Vous \u00eates en Bretagne. Terre de l\u00e9gendes ou la nature l&#8217;emporte toujours sur tout le reste.<br>Marchez ici, comme vous marcheriez sur des sentiers r\u00e9els. \u00e9coutez les oiseaux, le bruit des vagues et de l&rsquo;eau qui ruisselle entre deux averses.<br>Imaginez le parfum des feuilles au sol sous les arbres, penchez vous pour sentir les fleurs, et asseyez vous pour quelques minutes pr\u00e8s de la fontaine venue d&rsquo;ailleurs\u2026 pour r\u00eavasser et vous souvenir que la nature, c&rsquo;est aussi nous, et que nous devons la prot\u00e9ger.<br>Bon voyage en Bretagne.<\/figcaption><\/figure><\/div>\n\n\n\n<figure class=\"wp-block-gallery columns-3 is-cropped\"><ul class=\"blocks-gallery-grid\"><li class=\"blocks-gallery-item\"><figure><img loading=\"lazy\" width=\"512\" height=\"512\" src=\"http:\/\/sv3d.fr\/wordpress\/wp-content\/uploads\/2022\/01\/cascade.png\" alt=\"\" data-id=\"163\" data-link=\"http:\/\/sv3d.fr\/wordpress\/?attachment_id=163\" class=\"wp-image-163\"\/><\/figure><\/li><li class=\"blocks-gallery-item\"><figure><img loading=\"lazy\" width=\"512\" height=\"512\" src=\"http:\/\/sv3d.fr\/wordpress\/wp-content\/uploads\/2022\/01\/chapelle.png\" alt=\"\" data-id=\"164\" data-link=\"http:\/\/sv3d.fr\/wordpress\/?attachment_id=164\" class=\"wp-image-164\"\/><\/figure><\/li><li class=\"blocks-gallery-item\"><figure><img loading=\"lazy\" width=\"512\" height=\"512\" src=\"http:\/\/sv3d.fr\/wordpress\/wp-content\/uploads\/2022\/01\/fontaine.png\" alt=\"\" data-id=\"165\" data-link=\"http:\/\/sv3d.fr\/wordpress\/?attachment_id=165\" class=\"wp-image-165\"\/><\/figure><\/li><li class=\"blocks-gallery-item\"><figure><img loading=\"lazy\" width=\"512\" height=\"512\" src=\"http:\/\/sv3d.fr\/wordpress\/wp-content\/uploads\/2022\/01\/maisonnette.png\" alt=\"\" data-id=\"166\" data-link=\"http:\/\/sv3d.fr\/wordpress\/?attachment_id=166\" class=\"wp-image-166\"\/><\/figure><\/li><li class=\"blocks-gallery-item\"><figure><img loading=\"lazy\" width=\"512\" height=\"512\" src=\"http:\/\/sv3d.fr\/wordpress\/wp-content\/uploads\/2022\/01\/menirs.png\" alt=\"\" data-id=\"167\" data-link=\"http:\/\/sv3d.fr\/wordpress\/?attachment_id=167\" class=\"wp-image-167\"\/><\/figure><\/li><li class=\"blocks-gallery-item\"><figure><img loading=\"lazy\" width=\"512\" height=\"512\" src=\"http:\/\/sv3d.fr\/wordpress\/wp-content\/uploads\/2022\/01\/plage.png\" alt=\"\" data-id=\"168\" data-link=\"http:\/\/sv3d.fr\/wordpress\/?attachment_id=168\" class=\"wp-image-168\"\/><\/figure><\/li><li class=\"blocks-gallery-item\"><figure><img loading=\"lazy\" width=\"512\" height=\"512\" src=\"http:\/\/sv3d.fr\/wordpress\/wp-content\/uploads\/2022\/01\/prairie.png\" alt=\"\" data-id=\"169\" data-link=\"http:\/\/sv3d.fr\/wordpress\/?attachment_id=169\" class=\"wp-image-169\"\/><\/figure><\/li><li class=\"blocks-gallery-item\"><figure><img loading=\"lazy\" width=\"512\" height=\"512\" src=\"http:\/\/sv3d.fr\/wordpress\/wp-content\/uploads\/2022\/01\/temple.png\" alt=\"\" data-id=\"170\" data-link=\"http:\/\/sv3d.fr\/wordpress\/?attachment_id=170\" class=\"wp-image-170\"\/><\/figure><\/li><li class=\"blocks-gallery-item\"><figure><img loading=\"lazy\" width=\"512\" height=\"512\" src=\"http:\/\/sv3d.fr\/wordpress\/wp-content\/uploads\/2022\/01\/toit-chapelle.png\" alt=\"\" data-id=\"171\" data-link=\"http:\/\/sv3d.fr\/wordpress\/?attachment_id=171\" class=\"wp-image-171\"\/><\/figure><\/li><\/ul><\/figure>\n","protected":false},"excerpt":{"rendered":"","protected":false},"author":1,"featured_media":0,"parent":0,"menu_order":0,"comment_status":"closed","ping_status":"closed","template":"","meta":{"_kad_post_transparent":"","_kad_post_title":"","_kad_post_layout":"","_kad_post_sidebar_id":"","_kad_post_content_style":"","_kad_post_vertical_padding":"","_kad_post_feature":"","_kad_post_feature_position":"","_kad_post_header":false,"_kad_post_footer":false},"_links":{"self":[{"href":"http:\/\/sv3d.fr\/wordpress\/index.php\/wp-json\/wp\/v2\/pages\/161"}],"collection":[{"href":"http:\/\/sv3d.fr\/wordpress\/index.php\/wp-json\/wp\/v2\/pages"}],"about":[{"href":"http:\/\/sv3d.fr\/wordpress\/index.php\/wp-json\/wp\/v2\/types\/page"}],"author":[{"embeddable":true,"href":"http:\/\/sv3d.fr\/wordpress\/index.php\/wp-json\/wp\/v2\/users\/1"}],"replies":[{"embeddable":true,"href":"http:\/\/sv3d.fr\/wordpress\/index.php\/wp-json\/wp\/v2\/comments?post=161"}],"version-history":[{"count":1,"href":"http:\/\/sv3d.fr\/wordpress\/index.php\/wp-json\/wp\/v2\/pages\/161\/revisions"}],"predecessor-version":[{"id":172,"href":"http:\/\/sv3d.fr\/wordpress\/index.php\/wp-json\/wp\/v2\/pages\/161\/revisions\/172"}],"wp:attachment":[{"href":"http:\/\/sv3d.fr\/wordpress\/index.php\/wp-json\/wp\/v2\/media?parent=161"}],"curies":[{"name":"wp","href":"https:\/\/api.w.org\/{rel}","templated":true}]}}