{"id":89,"date":"2021-12-25T07:38:50","date_gmt":"2021-12-25T06:38:50","guid":{"rendered":"http:\/\/sv3d.fr\/wordpress\/?page_id=89"},"modified":"2021-12-25T09:30:18","modified_gmt":"2021-12-25T08:30:18","slug":"space-of-dreams","status":"publish","type":"page","link":"http:\/\/sv3d.fr\/wordpress\/index.php\/space-of-dreams\/","title":{"rendered":"Space of Dreams"},"content":{"rendered":"\n<figure class=\"wp-block-image size-full is-resized is-style-default\"><img loading=\"lazy\" src=\"http:\/\/sv3d.fr\/wordpress\/wp-content\/uploads\/2021\/12\/87624.jpg\" alt=\"\" class=\"wp-image-92\" width=\"850\" height=\"500\"\/><\/figure>\n\n\n\n<p class=\"has-theme-palette-5-color has-text-color\">Bienvenue au royaume Espace de R\u00eave elfe, F\u00e9e, troll, dragon peuple ce royaume f\u00e9\u00e9rique.&nbsp;Ici tout le monde vit en harmonie, notre devise est paix et amour.<\/p>\n\n\n\n<p class=\"has-theme-palette-5-color has-text-color\">Vous d\u00e9couvrirez tout au long de votre parcours la for\u00eat enchant\u00e9e, le village des Elfes et des f\u00e9es, le ch\u00e2teau de notre reine et quelques surprises&#8230;<\/p>\n\n\n\n<p class=\"has-theme-palette-5-color has-text-color\">Nous avons, aujourd&rsquo;hui comme hier, besoin de nous \u00ab\u00a0raconter des histoires\u00a0\u00bb Et de nous laisser porter par notre imaginaire c&rsquo;est le but de cette sim&#8230;<\/p>\n\n\n\n<p class=\"has-theme-palette-5-color has-text-color\">Donc au nom de la reine Steph Loup et de tous les habitants nous vous comprenons une bonne visite&#8230;<\/p>\n","protected":false},"excerpt":{"rendered":"<p>Bienvenue au royaume Espace de R\u00eave elfe, F\u00e9e, troll, dragon peuple ce royaume f\u00e9\u00e9rique.&nbsp;Ici tout le monde vit en harmonie, notre devise est paix et amour. Vous d\u00e9couvrirez tout au long de votre parcours la for\u00eat enchant\u00e9e, le village des Elfes et des f\u00e9es, le ch\u00e2teau de notre reine et quelques surprises&#8230; Nous avons, aujourd&rsquo;hui&#8230;<\/p>\n","protected":false},"author":1,"featured_media":0,"parent":0,"menu_order":0,"comment_status":"closed","ping_status":"closed","template":"","meta":{"_kad_post_transparent":"","_kad_post_title":"","_kad_post_layout":"","_kad_post_sidebar_id":"","_kad_post_content_style":"","_kad_post_vertical_padding":"","_kad_post_feature":"","_kad_post_feature_position":"","_kad_post_header":false,"_kad_post_footer":false},"_links":{"self":[{"href":"http:\/\/sv3d.fr\/wordpress\/index.php\/wp-json\/wp\/v2\/pages\/89"}],"collection":[{"href":"http:\/\/sv3d.fr\/wordpress\/index.php\/wp-json\/wp\/v2\/pages"}],"about":[{"href":"http:\/\/sv3d.fr\/wordpress\/index.php\/wp-json\/wp\/v2\/types\/page"}],"author":[{"embeddable":true,"href":"http:\/\/sv3d.fr\/wordpress\/index.php\/wp-json\/wp\/v2\/users\/1"}],"replies":[{"embeddable":true,"href":"http:\/\/sv3d.fr\/wordpress\/index.php\/wp-json\/wp\/v2\/comments?post=89"}],"version-history":[{"count":3,"href":"http:\/\/sv3d.fr\/wordpress\/index.php\/wp-json\/wp\/v2\/pages\/89\/revisions"}],"predecessor-version":[{"id":132,"href":"http:\/\/sv3d.fr\/wordpress\/index.php\/wp-json\/wp\/v2\/pages\/89\/revisions\/132"}],"wp:attachment":[{"href":"http:\/\/sv3d.fr\/wordpress\/index.php\/wp-json\/wp\/v2\/media?parent=89"}],"curies":[{"name":"wp","href":"https:\/\/api.w.org\/{rel}","templated":true}]}}